{"id":3059,"date":"2015-11-12T21:36:22","date_gmt":"2015-11-12T20:36:22","guid":{"rendered":"http:\/\/gentlestudio.fr\/portrait\/?page_id=3059"},"modified":"2018-03-30T12:17:11","modified_gmt":"2018-03-30T10:17:11","slug":"avis-photographe-portrait-nancy","status":"publish","type":"page","link":"https:\/\/gentlestudio.fr\/portrait\/avis-photographe-portrait-nancy\/","title":{"rendered":"Avis"},"content":{"rendered":"[vc_row type=\u00a0\u00bbfull_width_background\u00a0\u00bb text_align=\u00a0\u00bbcenter\u00a0\u00bb top_padding=\u00a0\u00bb60&Prime; bottom_padding=\u00a0\u00bb30&Prime;][vc_column][vc_column_text]\n<h1>D\u00e9couvrez les <strong>avis<\/strong> partag\u00e9s par nos clients<\/h1>\n<h2>\u00e0 propos de nos \u00e9quipes photographe portrait :<\/h2>\n[\/vc_column_text][\/vc_column][\/vc_row][vc_row type=\u00a0\u00bbfull_width_background\u00a0\u00bb text_align=\u00a0\u00bbcenter\u00a0\u00bb top_padding=\u00a0\u00bb20&Prime; bottom_padding=\u00a0\u00bb40&Prime;][vc_column][testimonial_slider autorotate=\u00a0\u00bb5000&Prime;][testimonial title=\u00a0\u00bbTestimonial\u00a0\u00bb tab_id=\u00a0\u00bb1447862175222-7&Prime; quote=\u00a0\u00bb<em>Vous souhaitez r\u00e9aliser un <strong>book\u00a0<\/strong>? Adressez-vous \u00e0 Pierre !<\/em>\u00a0\u00bb name=\u00a0\u00bbPauline S.\u00a0\u00bb][\/testimonial][testimonial title=\u00a0\u00bbTestimonial\u00a0\u00bb id=\u00a0\u00bb1447874892610-0-6&Prime; tab_id=\u00a0\u00bb1447862175373-7&Prime; name=\u00a0\u00bbMarie M.\u00a0\u00bb quote=\u00a0\u00bb<em>Pierre est agr\u00e9able, souriant, toujours \u00e0 l&rsquo;\u00e9coute : on se sent de suite plus <strong>\u00e0 l&rsquo;aise<\/strong>, cela ce ressent dans les photos\u00a0!<\/em>\u00ab\u00a0][\/testimonial][testimonial title=\u00a0\u00bbTestimonial\u00a0\u00bb id=\u00a0\u00bb1447874892734-0-4&Prime; tab_id=\u00a0\u00bb1447874633231-3&Prime; name=\u00a0\u00bbClaire D.\u00a0\u00bb quote=\u00a0\u00bbC<em>haque fois, le r\u00e9sultat est \u00e9poustouflant!<\/em>\u00ab\u00a0]\n[\/testimonial][testimonial title=\u00a0\u00bbTestimonial\u00a0\u00bb tab_id=\u00a0\u00bb1447874668640-9&Prime; name=\u00a0\u00bbCamille P.\u00a0\u00bb quote=\u00a0\u00bbPierre est\u00a0<em>cr\u00e9atif, patient et sait mettre \u00e0 l&rsquo;aise ses mod\u00e8les pour avoir les clich\u00e9s les <strong>plus naturels<\/strong> possibles.<\/em>\u00a0\u00bb id=\u00a0\u00bb1447875794459-6&Prime;]\n[\/testimonial][testimonial title=\u00a0\u00bbTestimonial\u00a0\u00bb tab_id=\u00a0\u00bb1447874966885-5&Prime; name=\u00a0\u00bb\u00c9l\u00e9 M.\u00a0\u00bb quote=\u00a0\u00bb<em><strong>Exp\u00e9rience<\/strong> g\u00e9niale !\u00a0 Photographe g\u00e9nial !<\/em>\u00ab\u00a0]\n[\/testimonial][\/testimonial_slider][\/vc_column][\/vc_row][vc_row type=\u00a0\u00bbfull_width_background\u00a0\u00bb top_padding=\u00a0\u00bb20&Prime; bottom_padding=\u00a0\u00bb20&Prime;][vc_column width=\u00a0\u00bb1\/4&Prime;][image_with_animation image_url=\u00a0\u00bb3279&Prime; alignment=\u00a0\u00bbcenter\u00a0\u00bb animation=\u00a0\u00bbFade In From Bottom\u00a0\u00bb][\/vc_column][vc_column width=\u00a0\u00bb3\/4&Prime;][vc_column_text]<em>\u00ab\u00a0Gentle Studio r\u00e9alise un travail de haute qualit\u00e9.<br \/>\nVous souhaitez r\u00e9aliser un book\u00a0? Adressez-vous \u00e0 Pierre !<\/em><\/p>\n<p>Tr\u00e8s \u00e0 l&rsquo;\u00e9coute, il saura vous conseiller et vous guider \u00e0 travers son regard de professionnel si vous le souhaitez. De plus, l&rsquo;ambiance de travail est tr\u00e8s agr\u00e9able.<\/p>\n<p>Pour ma part, j&rsquo;ai pass\u00e9 un merveilleux moment.<br \/>\nConcernant le r\u00e9sultat du shoot, les clich\u00e9s sont superbes et \u00e0 la hauteur de mes attentes.<br \/>\nAlors n&rsquo;h\u00e9sitez pas \u00e0 le contacter\u00a0!\u00a0\u00bb<\/p>\n<p>Avis de <em>Pauline S.<\/em> &#8211; Portrait Naturel, \u00e0 domicile.[\/vc_column_text]\n<p><a href=\"http:\/\/gentlestudio.fr\/portrait\/wp-content\/uploads\/2018\/03\/avis-photo-mariage-gentle-studio-avis-photographe-mariage-nancy-metz-strasbourg-lorraine-luxembourg-54-vosges-grand-est-meuthe-et-moselle.png\"><img loading=\"lazy\" class=\"size-full wp-image-3394\" src=\"http:\/\/gentlestudio.fr\/portrait\/wp-content\/uploads\/2018\/03\/avis-photo-mariage-gentle-studio-avis-photographe-mariage-nancy-metz-strasbourg-lorraine-luxembourg-54-vosges-grand-est-meuthe-et-moselle.png\" alt=\"avis-photo-portrait-gentle-studio-avis\" width=\"250\" height=\"52\" \/><\/a><\/p>\n[\/vc_column][\/vc_row][vc_row type=\u00a0\u00bbfull_width_background\u00a0\u00bb top_padding=\u00a0\u00bb20&Prime; bottom_padding=\u00a0\u00bb20&Prime;][vc_column][divider line_type=\u00a0\u00bbFull Width Line\u00a0\u00bb custom_height=\u00a0\u00bb10&Prime;][\/vc_column][\/vc_row][vc_row type=\u00a0\u00bbfull_width_background\u00a0\u00bb top_padding=\u00a0\u00bb20&Prime; bottom_padding=\u00a0\u00bb20&Prime;][vc_column width=\u00a0\u00bb2\/3&Prime;][vc_column_text]<em>\u00ab\u00a0Tr\u00e8s bon photographe, il sait mettre les mod\u00e8les en valeur.<br \/>\nPierre est agr\u00e9able, souriant, toujours \u00e0 l&rsquo;\u00e9coute : on se sent de suite plus a l&rsquo;aise cela ce ressent dans les photos\u00a0! <\/em><\/p>\n<p>J&rsquo;aime beaucoup travailler avec lui\u00a0! Parfait\u00a0!\u00a0\u00bb<\/p>\n<p>Avis de Marie M. &#8211; Portrait Naturel, noir et blanc, \u00e0 domicile.[\/vc_column_text]\n<p><a href=\"http:\/\/gentlestudio.fr\/portrait\/wp-content\/uploads\/2018\/03\/avis-photo-mariage-gentle-studio-avis-photographe-mariage-nancy-metz-strasbourg-lorraine-luxembourg-54-vosges-grand-est-meuthe-et-moselle.png\"><img loading=\"lazy\" class=\"size-full wp-image-3394\" src=\"http:\/\/gentlestudio.fr\/portrait\/wp-content\/uploads\/2018\/03\/avis-photo-mariage-gentle-studio-avis-photographe-mariage-nancy-metz-strasbourg-lorraine-luxembourg-54-vosges-grand-est-meuthe-et-moselle.png\" alt=\"avis-photo-portrait-gentle-studio-avis\" width=\"250\" height=\"52\" \/><\/a><\/p>\n[\/vc_column][vc_column width=\u00a0\u00bb1\/3&Prime;][image_with_animation image_url=\u00a0\u00bb3278&Prime; alignment=\u00a0\u00bbcenter\u00a0\u00bb animation=\u00a0\u00bbFade In From Bottom\u00a0\u00bb][\/vc_column][\/vc_row][vc_row type=\u00a0\u00bbfull_width_background\u00a0\u00bb top_padding=\u00a0\u00bb20&Prime; bottom_padding=\u00a0\u00bb20&Prime;][vc_column][divider line_type=\u00a0\u00bbFull Width Line\u00a0\u00bb custom_height=\u00a0\u00bb10&Prime;][\/vc_column][\/vc_row][vc_row type=\u00a0\u00bbfull_width_background\u00a0\u00bb top_padding=\u00a0\u00bb20&Prime; bottom_padding=\u00a0\u00bb20&Prime;][vc_column width=\u00a0\u00bb1\/4&Prime;][image_with_animation image_url=\u00a0\u00bb3275&Prime; alignment=\u00a0\u00bbcenter\u00a0\u00bb animation=\u00a0\u00bbFade In From Bottom\u00a0\u00bb][\/vc_column][vc_column width=\u00a0\u00bb3\/4&Prime;][vc_column_text]<em>\u00ab\u00a0J&rsquo;ai d\u00e9j\u00e0 fait deux s\u00e9ances photos avec Pierre, et \u00e0 chaque fois, le r\u00e9sultat est \u00e9poustouflant!<\/em><\/p>\n<p>Il sait parfaitement ma\u00eetriser son appareil et passe du temps en post-traitement pour offrir des photos de qualit\u00e9s, vraiment parfaites.<\/p>\n<p>Je souhaitais vraiment une ambiance particuli\u00e8re pour ces s\u00e9ances, et il a su s&rsquo;adapter parfaitement \u00e0 mes attentes.<br \/>\nLes photos sont superbes, je suis conquise et le recommande vivement!<\/p>\n<p>En plus de \u00e7a, il est super gentil, sait mettre \u00e0 l&rsquo;aise ses mod\u00e8les, et est toujours souriant&#8230; un vrai bonheur!!\u00a0\u00bb<\/p>\n<p>Avis\u00a0 de <em>Claire D.<\/em> &#8211; Portrait Artistique[\/vc_column_text]\n<p><a href=\"http:\/\/gentlestudio.fr\/portrait\/wp-content\/uploads\/2018\/03\/avis-photo-mariage-gentle-studio-avis-photographe-mariage-nancy-metz-strasbourg-lorraine-luxembourg-54-vosges-grand-est-meuthe-et-moselle.png\"><img loading=\"lazy\" class=\"size-full wp-image-3394\" src=\"http:\/\/gentlestudio.fr\/portrait\/wp-content\/uploads\/2018\/03\/avis-photo-mariage-gentle-studio-avis-photographe-mariage-nancy-metz-strasbourg-lorraine-luxembourg-54-vosges-grand-est-meuthe-et-moselle.png\" alt=\"avis-photo-portrait-gentle-studio-avis\" width=\"250\" height=\"52\" \/><\/a><\/p>\n[\/vc_column][\/vc_row][vc_row type=\u00a0\u00bbfull_width_background\u00a0\u00bb top_padding=\u00a0\u00bb20&Prime; bottom_padding=\u00a0\u00bb20&Prime;][vc_column][divider line_type=\u00a0\u00bbFull Width Line\u00a0\u00bb custom_height=\u00a0\u00bb10&Prime;][\/vc_column][\/vc_row][vc_row type=\u00a0\u00bbfull_width_background\u00a0\u00bb top_padding=\u00a0\u00bb20&Prime; bottom_padding=\u00a0\u00bb20&Prime;][vc_column width=\u00a0\u00bb2\/3&Prime;][vc_column_text]<em>\u00ab\u00a0J&rsquo;ai contact\u00e9 GentleStudio pour des portraits.<br \/>\nPierre est tr\u00e8s professionnel, cr\u00e9atif, patient et sait mettre \u00e0 l&rsquo;aise ses mod\u00e8les pour avoir les clich\u00e9s les plus naturels possibles.<br \/>\nIl est \u00e0 l&rsquo;\u00e9coute de ses clients mais rajoute son savoir-faire personnel pour obtenir le meilleur r\u00e9sultat possible.<\/em><\/p>\n<p>Le rendu final \u00e9tait \u00e0 la hauteur de mes esp\u00e9rances avec de belles photos de couple naturelles et prise sur le vif malgr\u00e9 le fait qu&rsquo;elles aient \u00e9t\u00e9 faites en studio.\u00a0\u00bb<\/p>\n<p>Avis de <em>Camille P.<\/em> &#8211; Portraits de couple Naturelles, \u00e0 domicile.[\/vc_column_text]\n<p><a href=\"http:\/\/gentlestudio.fr\/portrait\/wp-content\/uploads\/2018\/03\/avis-photo-mariage-gentle-studio-avis-photographe-mariage-nancy-metz-strasbourg-lorraine-luxembourg-54-vosges-grand-est-meuthe-et-moselle.png\"><img loading=\"lazy\" class=\"size-full wp-image-3394\" src=\"http:\/\/gentlestudio.fr\/portrait\/wp-content\/uploads\/2018\/03\/avis-photo-mariage-gentle-studio-avis-photographe-mariage-nancy-metz-strasbourg-lorraine-luxembourg-54-vosges-grand-est-meuthe-et-moselle.png\" alt=\"avis-photo-portrait-gentle-studio-avis\" width=\"250\" height=\"52\" \/><\/a><\/p>\n[\/vc_column][vc_column width=\u00a0\u00bb1\/3&Prime;][image_with_animation image_url=\u00a0\u00bb3277&Prime; alignment=\u00a0\u00bbcenter\u00a0\u00bb animation=\u00a0\u00bbFade In From Bottom\u00a0\u00bb][\/vc_column][\/vc_row][vc_row type=\u00a0\u00bbfull_width_background\u00a0\u00bb top_padding=\u00a0\u00bb20&Prime; bottom_padding=\u00a0\u00bb20&Prime;][vc_column][divider line_type=\u00a0\u00bbFull Width Line\u00a0\u00bb custom_height=\u00a0\u00bb10&Prime;][\/vc_column][\/vc_row][vc_row type=\u00a0\u00bbfull_width_background\u00a0\u00bb top_padding=\u00a0\u00bb20&Prime; bottom_padding=\u00a0\u00bb20&Prime;][vc_column width=\u00a0\u00bb1\/4&Prime;][image_with_animation image_url=\u00a0\u00bb3276&Prime; alignment=\u00a0\u00bbcenter\u00a0\u00bb animation=\u00a0\u00bbFade In From Bottom\u00a0\u00bb][\/vc_column][vc_column width=\u00a0\u00bb3\/4&Prime;][vc_column_text]<em>\u00ab\u00a0Exp\u00e9rience g\u00e9niale! Photographe g\u00e9nial!\u00a0\u00bb<\/em><\/p>\n<p>Avis de <em>El\u00e9 M.<\/em> &#8211; Portraits Mis en sc\u00e8ne, \u00e0 domicile.[\/vc_column_text]\n<p><a href=\"http:\/\/gentlestudio.fr\/portrait\/wp-content\/uploads\/2018\/03\/avis-photo-mariage-gentle-studio-avis-photographe-mariage-nancy-metz-strasbourg-lorraine-luxembourg-54-vosges-grand-est-meuthe-et-moselle.png\"><img loading=\"lazy\" class=\"size-full wp-image-3394\" src=\"http:\/\/gentlestudio.fr\/portrait\/wp-content\/uploads\/2018\/03\/avis-photo-mariage-gentle-studio-avis-photographe-mariage-nancy-metz-strasbourg-lorraine-luxembourg-54-vosges-grand-est-meuthe-et-moselle.png\" alt=\"avis-photo-portrait-gentle-studio-avis\" width=\"250\" height=\"52\" \/><\/a><\/p>\n[\/vc_column][\/vc_row][vc_row type=\u00a0\u00bbfull_width_background\u00a0\u00bb top_padding=\u00a0\u00bb20&Prime; bottom_padding=\u00a0\u00bb20&Prime;][vc_column][divider line_type=\u00a0\u00bbFull Width Line\u00a0\u00bb custom_height=\u00a0\u00bb10&Prime;][\/vc_column][\/vc_row][vc_row type=\u00a0\u00bbfull_width_background\u00a0\u00bb top_padding=\u00a0\u00bb20&Prime; bottom_padding=\u00a0\u00bb20&Prime;][vc_column width=\u00a0\u00bb3\/4&Prime;][vc_column_text]<em>\u00ab\u00a0Tr\u00e8s pros et \u00e0 l&rsquo;\u00e9coute de vos souhaits! Faites leur confiance!\u00a0\u00bb<\/em><\/p>\n<p>Avis de Emmanuelle B. &#8211; Portraits de couple, au Parc de la P\u00e9pini\u00e8re, \u00e0 Nancy, Lorraine.[\/vc_column_text]\n<p><a href=\"http:\/\/gentlestudio.fr\/portrait\/wp-content\/uploads\/2018\/03\/avis-photo-mariage-gentle-studio-avis-photographe-mariage-nancy-metz-strasbourg-lorraine-luxembourg-54-vosges-grand-est-meuthe-et-moselle.png\"><img loading=\"lazy\" class=\"size-full wp-image-3394\" src=\"http:\/\/gentlestudio.fr\/portrait\/wp-content\/uploads\/2018\/03\/avis-photo-mariage-gentle-studio-avis-photographe-mariage-nancy-metz-strasbourg-lorraine-luxembourg-54-vosges-grand-est-meuthe-et-moselle.png\" alt=\"avis-photo-portrait-gentle-studio-avis\" width=\"250\" height=\"52\" \/><\/a><\/p>\n[\/vc_column][vc_column width=\u00a0\u00bb1\/4&Prime;][image_with_animation image_url=\u00a0\u00bb3274&Prime; alignment=\u00a0\u00bbcenter\u00a0\u00bb animation=\u00a0\u00bbFade In From Bottom\u00a0\u00bb][\/vc_column][\/vc_row][vc_row type=\u00a0\u00bbfull_width_background\u00a0\u00bb bg_color=\u00a0\u00bb#eb6865&Prime; text_align=\u00a0\u00bbcenter\u00a0\u00bb top_padding=\u00a0\u00bb50&Prime; bottom_padding=\u00a0\u00bb48&Prime;][vc_column][vc_column_text]\n<h1>Vous souhaitez rencontrer votre photographe portrait<\/h1>\n<h3>afin de voir son travail et discuter de votre projet ?<\/h3>\n[\/vc_column_text][divider custom_height=\u00a0\u00bb20&Prime;][vc_column_text]\n<a class=\"nectar-button n-sc-button large see-through-2 has-icon\"  href=\"http:\/\/gentlestudio.fr\/portrait\/contact-photographe-portrait\/\" data-color-override=\"#ffffff\" data-hover-color-override=\"false\" data-hover-text-color-override=\"#ffffff\"><span>NOUS CONTACTER<\/span><i class=\"icon-button-arrow\"><\/i><\/a>\n[\/vc_column_text][\/vc_column][\/vc_row]\n","protected":false},"excerpt":{"rendered":"<p>[vc_row type=\u00a0\u00bbfull_width_background\u00a0\u00bb text_align=\u00a0\u00bbcenter\u00a0\u00bb top_padding=\u00a0\u00bb60&Prime; bottom_padding=\u00a0\u00bb30&Prime;][vc_column][vc_column_text] D\u00e9couvrez les avis partag\u00e9s par nos clients \u00e0 propos de nos \u00e9quipes photographe portrait : [\/vc_column_text][\/vc_column][\/vc_row][vc_row type=\u00a0\u00bbfull_width_background\u00a0\u00bb text_align=\u00a0\u00bbcenter\u00a0\u00bb top_padding=\u00a0\u00bb20&Prime; bottom_padding=\u00a0\u00bb40&Prime;][vc_column][testimonial_slider autorotate=\u00a0\u00bb5000&Prime;][testimonial title=\u00a0\u00bbTestimonial\u00a0\u00bb tab_id=\u00a0\u00bb1447862175222-7&Prime; quote=\u00a0\u00bbVous souhaitez&#8230;<\/p>\n","protected":false},"author":1,"featured_media":0,"parent":0,"menu_order":1,"comment_status":"closed","ping_status":"closed","template":"","meta":[],"yoast_head":"<!-- This site is optimized with the Yoast SEO plugin v16.1.1 - https:\/\/yoast.com\/wordpress\/plugins\/seo\/ -->\n<title>Avis - Gentle Studio - Photographe Portrait<\/title>\n<meta name=\"description\" content=\"Avis pour Gentle Studio, Photographe Portrait. Book mannequins, com\u00e9dien(ne), famille, grossese, naissances... \u00e0 Nancy, Metz, Strasbourg et Lorraine.\" \/>\n<link rel=\"canonical\" href=\"https:\/\/gentlestudio.fr\/portrait\/avis-photographe-portrait-nancy\/\" \/>\n<meta property=\"og:locale\" content=\"fr_FR\" \/>\n<meta property=\"og:type\" content=\"article\" \/>\n<meta property=\"og:title\" content=\"Avis - Gentle Studio - Photographe Portrait\" \/>\n<meta property=\"og:description\" content=\"Avis pour Gentle Studio, Photographe Portrait. Book mannequins, com\u00e9dien(ne), famille, grossese, naissances... \u00e0 Nancy, Metz, Strasbourg et Lorraine.\" \/>\n<meta property=\"og:url\" content=\"https:\/\/gentlestudio.fr\/portrait\/avis-photographe-portrait-nancy\/\" \/>\n<meta property=\"og:site_name\" content=\"Photographe Portrait Gentle Studio\" \/>\n<meta property=\"article:publisher\" content=\"https:\/\/www.facebook.com\/Gentle-Studio-184752495025758\" \/>\n<meta property=\"article:modified_time\" content=\"2018-03-30T10:17:11+00:00\" \/>\n<meta property=\"og:image\" content=\"http:\/\/gentlestudio.fr\/portrait\/wp-content\/uploads\/2018\/03\/avis-photo-mariage-gentle-studio-avis-photographe-mariage-nancy-metz-strasbourg-lorraine-luxembourg-54-vosges-grand-est-meuthe-et-moselle.png\" \/>\n<meta name=\"twitter:card\" content=\"summary\" \/>\n<meta name=\"twitter:site\" content=\"@GentleStudio\" \/>\n<meta name=\"twitter:label1\" content=\"Dur\u00e9e de lecture est.\">\n\t<meta name=\"twitter:data1\" content=\"5 minutes\">\n<script type=\"application\/ld+json\" class=\"yoast-schema-graph\">{\"@context\":\"https:\/\/schema.org\",\"@graph\":[{\"@type\":\"WebSite\",\"@id\":\"https:\/\/gentlestudio.fr\/portrait\/#website\",\"url\":\"https:\/\/gentlestudio.fr\/portrait\/\",\"name\":\"Photographe Portrait Gentle Studio\",\"description\":\"Photographe Portrait Nancy Gentle Studio\",\"potentialAction\":[{\"@type\":\"SearchAction\",\"target\":\"https:\/\/gentlestudio.fr\/portrait\/?s={search_term_string}\",\"query-input\":\"required name=search_term_string\"}],\"inLanguage\":\"fr-FR\"},{\"@type\":\"ImageObject\",\"@id\":\"https:\/\/gentlestudio.fr\/portrait\/avis-photographe-portrait-nancy\/#primaryimage\",\"inLanguage\":\"fr-FR\",\"url\":\"http:\/\/gentlestudio.fr\/portrait\/wp-content\/uploads\/2018\/03\/avis-photo-mariage-gentle-studio-avis-photographe-mariage-nancy-metz-strasbourg-lorraine-luxembourg-54-vosges-grand-est-meuthe-et-moselle.png\",\"contentUrl\":\"http:\/\/gentlestudio.fr\/portrait\/wp-content\/uploads\/2018\/03\/avis-photo-mariage-gentle-studio-avis-photographe-mariage-nancy-metz-strasbourg-lorraine-luxembourg-54-vosges-grand-est-meuthe-et-moselle.png\"},{\"@type\":\"WebPage\",\"@id\":\"https:\/\/gentlestudio.fr\/portrait\/avis-photographe-portrait-nancy\/#webpage\",\"url\":\"https:\/\/gentlestudio.fr\/portrait\/avis-photographe-portrait-nancy\/\",\"name\":\"Avis - Gentle Studio - Photographe Portrait\",\"isPartOf\":{\"@id\":\"https:\/\/gentlestudio.fr\/portrait\/#website\"},\"primaryImageOfPage\":{\"@id\":\"https:\/\/gentlestudio.fr\/portrait\/avis-photographe-portrait-nancy\/#primaryimage\"},\"datePublished\":\"2015-11-12T20:36:22+00:00\",\"dateModified\":\"2018-03-30T10:17:11+00:00\",\"description\":\"Avis pour Gentle Studio, Photographe Portrait. Book mannequins, com\\u00e9dien(ne), famille, grossese, naissances... \\u00e0 Nancy, Metz, Strasbourg et Lorraine.\",\"breadcrumb\":{\"@id\":\"https:\/\/gentlestudio.fr\/portrait\/avis-photographe-portrait-nancy\/#breadcrumb\"},\"inLanguage\":\"fr-FR\",\"potentialAction\":[{\"@type\":\"ReadAction\",\"target\":[\"https:\/\/gentlestudio.fr\/portrait\/avis-photographe-portrait-nancy\/\"]}]},{\"@type\":\"BreadcrumbList\",\"@id\":\"https:\/\/gentlestudio.fr\/portrait\/avis-photographe-portrait-nancy\/#breadcrumb\",\"itemListElement\":[{\"@type\":\"ListItem\",\"position\":1,\"item\":{\"@type\":\"WebPage\",\"@id\":\"https:\/\/gentlestudio.fr\/portrait\/\",\"url\":\"https:\/\/gentlestudio.fr\/portrait\/\",\"name\":\"Accueil\"}},{\"@type\":\"ListItem\",\"position\":2,\"item\":{\"@type\":\"WebPage\",\"@id\":\"https:\/\/gentlestudio.fr\/portrait\/avis-photographe-portrait-nancy\/\",\"url\":\"https:\/\/gentlestudio.fr\/portrait\/avis-photographe-portrait-nancy\/\",\"name\":\"Avis\"}}]}]}<\/script>\n<!-- \/ Yoast SEO plugin. -->","_links":{"self":[{"href":"https:\/\/gentlestudio.fr\/portrait\/wp-json\/wp\/v2\/pages\/3059"}],"collection":[{"href":"https:\/\/gentlestudio.fr\/portrait\/wp-json\/wp\/v2\/pages"}],"about":[{"href":"https:\/\/gentlestudio.fr\/portrait\/wp-json\/wp\/v2\/types\/page"}],"author":[{"embeddable":true,"href":"https:\/\/gentlestudio.fr\/portrait\/wp-json\/wp\/v2\/users\/1"}],"replies":[{"embeddable":true,"href":"https:\/\/gentlestudio.fr\/portrait\/wp-json\/wp\/v2\/comments?post=3059"}],"version-history":[{"count":11,"href":"https:\/\/gentlestudio.fr\/portrait\/wp-json\/wp\/v2\/pages\/3059\/revisions"}],"predecessor-version":[{"id":3398,"href":"https:\/\/gentlestudio.fr\/portrait\/wp-json\/wp\/v2\/pages\/3059\/revisions\/3398"}],"wp:attachment":[{"href":"https:\/\/gentlestudio.fr\/portrait\/wp-json\/wp\/v2\/media?parent=3059"}],"curies":[{"name":"wp","href":"https:\/\/api.w.org\/{rel}","templated":true}]}}